lculate -7 + (7 - 16) - -30.
14
Calculate -48 + 28 - (-4 - (-2 + 7 + -13)).
-24
Evaluate (-3 - 9) + (-21 - (-15 + -3)).
-15
Calculate -7 - 5 - -17 - (-5 - -12).
-2
Evaluate 0 - 10 - (-14 + 5 + 14).
-15
Evaluate (-7 - (-1 - 1)) + (-83 - -83).
-5
What is (-4 - -7) + -9 + (14 - (-3 - -5))?
6
What is the value of (3 - 5) + -3 + -2 + 0 + 20?
13
Calculate 11 + -2 + -9 + 12 + -1.
11
-19 + (-13 + 42 - 20)
-10
Evaluate 5 - (1 - 7 - (25 - 37)) - -4.
3
-11 - (5 + -5) - -21 - (9 - 7)
8
Calculate (8 - 6 - -4) + -1 + 2.
7
Evaluate -49 - ((-56 - 8) + 43).
-28
Calculate (6 - (13 + -14)) + -5.
2
11 + -3 + (1 - (2 + -3))
10
Evaluate -2 + 2 + (-17 - (-15 + -6 + 13)).
-9
What is the value of (2 - 0) + -20 + (3 + 33 - 39)?
-21
Evaluate (63 - 78) + 2 + 25.
12
Evaluate (-5 - -11) + 22 + 0 + -56.
-28
Evaluate -9 + 5 + (-6 - 13) + 32.
9
Calculate (-16 + 15 - 0) + (1 - 2 - -6).
4
What is (4 - 1) + -8 + -16 + 9?
-12
(14 - 26) + 15 + (-35 - -4)
-28
40 + 10 + (0 - 25)
25
What is -10 + (23 - 13) + 8 + -16?
-8
-150 + 163 - (1 + -1)
13
What is the value of -10 + 15 + -14 - -19?
10
What is the value of -15 + 9 + (5 - 5 - -9) - 9?
-6
What is -45 - (-8 + -21 + 3)?
-19
What is the value of -10 + (1 - 11 - -2) + -161 + 169?
-10
Calculate -13 + 11 + -6 - (-1 - 6).
-1
-373 + 399 + -4 + -28
-6
What is -2 + 6 + -15 - (18 + 0 - 8)?
-21
Evaluate (-47 - -53) + 9 + -9 + 1 + -1.
6
38 + (-4 - 21) - 6 - (1 + 26)
-20
9 + -1 + (5 + 5 + -9 - 3)
6
Evaluate -14 + 32 + (-5 - 11 - -12).
14
24 - -3 - ((7 - 0) + (-35 - -37))
18
What is -40 - (-77 - 0) - 30?
7
13 + -8 + 7 - (-2 + 41)
-27
What is the value of 97 - 79 - (0 + 1 + 34)?
-17
Calculate 2 + 5 + 3 - (1 - (5 + -5)).
9
Calculate (14 - 6) + -13 - -19 - 14.
0
What is -7 + 20 + 4 + -27?
-10
What is the value of 28 - (4 + -8 - -13)?
19
-6 - (15 - 15) - -7
1
Evaluate 7 + -3 + -121 + 107.
-10
Calculate (-11 - -5 - (-3 + -2)) + (1 - 4).
-4
Calculate -17 - (-13 + -2 - 21).
19
What is the value of -4 - (-7 - -2) - (-4 - -1)?
4
What is 6 + (-8 - (-6 + (10 - 5)))?
-1
What is the value of -9 - (29 + 30 + -70)?
2
Evaluate (2 + -1 + -8 - 1) + (2 - 3).
-9
What is the value of -1 + -17 + -21 + 26 + 3?
-10
-70 - (-27 - 53) - (-1 - -31)
-20
Evaluate -1 - 46 - (-180 + 144).
-11
Evaluate 1 + -15 - (-479 + 484).
-19
Calculate -1 + 0 + -3 + -6 + (1 - -3).
-6
What is the value of (8 - -4) + -11 + 7?
8
Calculate (-1 - 0) + (12 - 21 - 5) + 11.
-4
What is the value of (-24 - -2) + -96 + 108?
-10
Calculate -1 - (8 - (-31 + 8 + 4 + 9)).
-19
Calculate (-92 + 49 - -28) + 13 + 1.
-1
-24 + -18 + (3 - -22)
-17
601 + -589 + -18 + 0
-6
Evaluate -2 - -9 - (-49 + 115 + -45).
-14
Calculate 1 + 13 + -29 + 52 + -13.
24
-1 + (-5 - -5) + -10 - (-9 + 9)
-11
3 + 8 - (-91 - -106)
-4
Evaluate (-6 + 15 - -5) + -17.
-3
What is (-1 - -10) + -2 + -1 - (-1 + 2)?
5
-10 + 1 + (-7 - (2 + -3 - 5))
-10
Evaluate -10 - (-3 - (4 + 6 + 13)).
16
Evaluate 2 - -2 - (14 + -12 - -15) - 5.
-18
Evaluate -9 - (-3 - (6 - -5)) - -19.
24
Calculate -6 - (7 - (19 + -10)) - -5.
1
Calculate 17 + 11 + -18 + -1.
9
-10 + (-5 - -5) + (-3 - -9) + 9
5
What is the value of 352 + -355 - (-16 - 0)?
13
Calculate -1 - ((-7 - -9) + -19).
16
What is 3 + 2 + -5 - (-6 - (2 - 6))?
2
What is the value of 29 - (-7 - (-22 + 3 + (10 - 0)))?
27
Evaluate -42 + (-32 - (-41 - 27)).
-6
Evaluate 46 + (43 - (-3 + 67)).
25
What is 9 + (-18 - (-6 + 1))?
-4
What is (-9 - (0 + -8)) + (42 - 33)?
8
What is (6 - -17) + -20 - (12 - -3)?
-12
What is the value of 3 + (7 - 5 - -7 - 4)?
8
Evaluate (3 + (-14 - -29) - 9) + -30.
-21
Calculate (8 - 25) + -54 + 46 + 6.
-19
Calculate 7 - (-3 + -1 - -1 - (28 + -28)).
10
-2 + 7 + 3 + -9
-1
What is the value of (-3 - (-5 + (-7 - -16))) + 4 + 7?
4
Evaluate 1 - (-12 - -25 - 0).
-12
Calculate 29 - (40 - 13) - -33.
35
What is 0 + -1 + (0 - 4) - 7?
-12
Calculate 30 - 16 - (3 + 1).
10
What is 0 - 2 - (-217 + 218 + (24 - 0))?
-27
Evaluate -19 + (26 - (23 - (-5 - -14))).
-7
274 - 282 - (0 - 3 - -5)
-10
What is the value of 18 + (38 - 17) + -40?
-1
-98 + 62 + (-5 - (-20 - 1))
-20
What is -6 + 0 + (-138 - -144) + -19?
-19
What is the value of -12 + 19 + -5 + 3?
5
What is the value of -1 - -10 - (13 + -42 + 16)?
22
What is the value of -4 + 10 - (-49 - -24)?
31
What is -1 - (16 - (38 + -55))?
-34
What is (-3 - (22 + -13)) + 14?
2
Evaluate 3 - ((9 - 1) + (24 - 42)).
13
-44 + (-16 - -37) + 8
-15
Calculate -3 + 24 - 0 - (-12 + 11 + 7).
15
What is the value of (9 - (10 - -1)) + -13 - -10?
-5
(-9 - (-8 + (12 - 6))) + 6
-1
524 + -531 - (-4 + -1) - (-23 - 1)
22
-1 + 0 - 0 - (-1803 + 1829)
-27
-3 + 1 - 0 - (13 - (-2 - -26))
9
1 + (6 - 2) - 10 - (-1 - -6)
-10
Evaluate (41 - 95 - -41) + -18.
-31
What is the value of 3 + -15 + -12 + 18?
-6
What is the value of (28 - 0) + (-36 - -31 - -1)?
24
-1 + (-23 - -24) + 1 + -1
0
What is the value of (-400 - -414) + -5 + 1?
10
-5 + ((5 - 8) + 0 + 0 - -4)
-4
Evaluate -2 + 10 + -9 + 9 + (-1 - 32).
-25
What is the value of 117 - 124 - (8 - 1)?
-14
Calculate 34 + -7 + -3 + 3 + (-68 - -68).
27
What is the value of (-9 - -4 - -3) + 5 + (-11 - -13)?
5
What is -12 - 13 - (-11 + 12 + (-1 - 8))?
-17
-1 - -2 - (-31 - -14 - -18) - -28
28
What is -20 + 2 - (26 - (-19 - -57))?
-6
Evaluate (-38 + 2 - -3) + -45 + 23 + 31.
-24
(30 - 24) + 15 + 2 - (1 - 1)
23
Evaluate -2 - 7 - (0 - -9 - 13 - -20).
-25
Calculate (-2 - -1) + 50 + -58.
-9
Calculate 38 - (-39 + 62) - ((2 - 1) + 6).
8
Calculate 8 - (0 - (-6 + -3)).
-1
What is the value of -9 - 9 - (-16 - -8) - 3?
-13
(-9 + -16 - -10) + 3 + 18
6
Calculate 7 - (12 - (2 - -17)).
14
What is 26 + -13 + 4 - (1 + 10)?
6
Calculate 1 + (-11 - 2) - -14.
2
What is 1 + -1 + 168 + -170?
-2
Calculate (1 - (2 - 0) - -7) + -2.
4
Evaluate -11 - (6 + 2 + (2 - 4) - 5).
-12
What is (0 - -4) + 0 + 3 - 11?
-4
What is -19 + 9 + 7 - (5 - (1 + -1))?
-8
1 - -41 - (-5 + 32)
15
19 + -47 - -43 - ((-1 - -2) + 10)
4
Calculate (10 - 15 - 2) + 6 - 7.
-8
3 - (-18 - -36) - -20
5
8 - (10 + 4 - (4 + -3))
-5
Calculate -20 + (12 - 1) - (-29 - 10).
30
What is the value of -8 + -9 + 9 - -4?
-4
-14 + -5 - (-4 + 6 + -20 + 24)
-25
What is (-17 + 48 - 11) + 1?
21
Evaluate (-3 - 20) + 0 + (4 - -7).
-12
What is (2 - 12 - -15) + -6?
-1
Evaluate 11 + (6 - 4 - (2 - 6)).
17
What is 0 - -18 - (86 + -58 + -18)?
8
Calculate 9 - 2 - (1 + -4 + -3) - 7.
6
(9 + -7 + -8 - -7) + -8
-7
What is -2 - (39 + 3) - (-1373 - -1359)?
-30
8 - (4 + (0 - -39) + (26 - 27))
-34
Evaluate 0 - (4 - (40 - 32 - (1 + 3))).
0
Evaluate -9 + (40 - 49) + 50 + 3 + -4.
31
What is (5 - 0) + (19 - 26) + 14?
12
(-30 + 18 - -8) + -2 + -3
-9
What is -62 - (-34 + 25 - 33)?
-20
188 + -200 + (0 + 3 - -30)
21
What is the value of (-4 - (5 + -2)) + 24 + -38?
-21
(2 - -1 - (-1 + 3 + -2)) + 3
6
What is the value of -15 + -3 + -4 + 1 + -2 + 10?
-13
Calculate -5 + (5 - 1) - (0 - -2).
-3
What is -6 - (-5 - ((9 - 7) + -6))?
-5
Calculate (-22 - -16) + 5 + 6.
5
Evaluate -4 - (7 - 0 - 10) - (3 + 8).
-12
Calculate 0 + -2 + 2 + -2 - (-102 - -103).
-3
What is 31 - 33 - (0 + (-3 - -7))?
-6
-9 + 19 - (2 - -5)
3
What is the value of 7 - (-3 - (-12 - -7)) - 13?
-8
What is ((0 - -1) + 3 - (-26 - -29)) + 5?
6
Calculate 2 + (-14 - -7 - -4).
-1
What is the value of 4 + 5 + 12 - -5 - 4 - 3?
19
Calculate 44 - 37 - (28 - (-1 - 2 - -1)).
-23
(25 - (68 - 25)) + 25
7
1 + (-38 - (-42 - -21))
-16
What is the value of -11 - (-16 + 0) - -15 - 8?
12
What is the value of 20 + (-16 - -20 - (7 + -1)) + -4?
14
Evaluate 0 - (7 - -10) - -24.
7
Calculate (4 - (1 - -9)) + 1 + -1 - 1.
-7
What is 2 + (6 - 1 - (4 + -1)) + -9?
-5
Evaluate 6 + (30 - (-5 - -28)).
13
What is -11 - (8 + -2 + -8) - -1?
-8
What is the value of (-7 - -1) + (1 - 9 - (-208 + 209))?
-15
What is the value of 85 - 102 - (8 + (-4 - -1))?
-22
What is -11 - (3 - (3 - 3))?
-14
Calculate -4 + -2 - (159 - 153).
-12
What is the value of -4 - ((-5 - (2 + 1)) + 9)?
-5
What is 33 + -27 - 25 - -27?
8
What is the value of (55 - 50) + (-2 - 4)?
-1
Calculate (-28 - -51) + (-33 - 2).
-12
14 + (3 - (12 + -28) - 3)
30
-20 - (2 + 4 + (57 - 64) - 0)
-19
-1 - -7 - ((5 - -1) + 341 + -346)
5
Evaluate -1 + (-8 - -3) + (-2 - -3) - 5.
-10
Evaluate 3 - (-6 + 24) - -6.
-9
Calculate (41 - 23) + -17 - (2 + -9).
8
Calculate -9 + (3 - 5 - (-5 - -4)) - -1.
-9
3 - (1 - 3) - (18 + 1 - 1)
-13
What is the value of -23 + 10 + 10 + -5?
-8
What is the value of -2 + 3 